What is the value of 20 + -11 + (-26 - (3 - 0))?
-20
Evaluate 3 - ((-1 - -3) + (8 + -5 - 4)).
2
What is the value of 32 - 24 - (33 - 22)?
-3
-21 - ((-2 - 0) + 17) - -18
-18
12 + 27 + -40 + (3 - -1 - 6)
-3
What is the value of -1 - (2 + (0 - -8 - (-36 + 38)))?
-9
What is -24 + 13 - (1 + -18)?
6
What is the value of 26 - (24 - 1 - 6)?
9
What is the value of 59 + -75 - (-2 + (2 - 8))?
-8
-20 + -14 - -30 - (8 + -1)
-11
Calculate 3 + -4 + 10 - 17 - -3.
-5
Evaluate 240 - 235 - (-5 - 0) - (-1 + 9).
2
What is the value of 5 + 14 + (-3 + -7 - -2)?
11
What is the value of 33 + -17 + -1 + 4?
19
Evaluate 151 + -152 - (-2 - -3 - 18).
16
22 + -28 - (13 + -6 + (1 - 47))
33
Calculate (-5 - (2 - 4)) + 2 + (1 - -10).
10
Evaluate -12 - (6 - 21) - -3.
6
What is 4 + (-19 - (-5 + -6)) + 6?
2
Evaluate 25 + -3 + -8 + -28 + 13.
-1
What is 3 + (6 - 0) - 4?
5
What is the value of -1 + 13 + (-8 + 26 + -29 - -6)?
7
What is the value of -6 + 80 + -23 + (0 - 14)?
37
What is -10 + (13 - (12 - 10))?
1
Calculate 174 - 159 - (8 + -1).
8
Calculate (-2223 - -2226) + -2 + 5 + (0 - 0).
6
0 - 6 - (-34 + 20 + 4)
4
Calculate 17 + -9 - (6 + 2) - -4.
4
-3 - -2 - (5 + -21) - 2
13
Calculate -6 - (2 + (18 - 13)).
-13
What is 15 + 21 + -27 + (3 - (-19 - 1))?
32
What is 0 - -17 - ((14 - 7) + -3) - 4?
9
What is the value of 15 - (15 + -3 - -33)?
-30
What is (8 - 6) + 16 + (-4 + 2 - 4)?
12
Evaluate 7 - 17 - -9 - (0 - -1 - 11).
9
What is -22 - (11 - 18 - -5 - (-2 + 3))?
-19
What is -3 - (3 + -20) - (-20 + 32)?
2
What is the value of 0 + (-11 - 9) + -1 - -6?
-15
Evaluate 67 + -32 + -1 + -50.
-16
Evaluate 13 - (34 - (-14 + 26)).
-9
What is 113 + -98 + (0 - 18) - 24?
-27
What is the value of -8 + 3 + 4 + -7 + 29 + 5?
26
Calculate 7 + -2 + (7 - (5 - 8)).
15
What is the value of -2 + -3 + 2 + (4 - -6 - 9)?
-2
Calculate 8 + (3 - 47 - -14).
-22
What is the value of -16 + -2 - (-13 + -3 + 4 + 3)?
-9
-3 + (-8 - (-14 + 0))
3
What is the value of 0 - (-2 + 1) - (40 + -47 + -8)?
16
0 + (2 - -2) + 10 + (2 - 10)
6
Calculate (0 - 28) + (-53 - -52) - (7 - 13).
-23
-59 - (26 + -70) - -5
-10
Evaluate 7 + (9 - 16) + (0 - 13).
-13
Calculate (-72 - -41) + (2 - -4) + 3.
-22
-13 + -1 - (89 - 93)
-10
Calculate (0 - 12) + 67 + -66 - (-9 + 13).
-15
What is 11 - -9 - 7 - 29?
-16
Calculate -365 + 377 - (-1 + -2).
15
Calculate (-15 - -8) + 8 - 1 - -7.
7
-8 + 56 - (8 + 24)
16
Evaluate -11 + (-2 - -30) - (31 - -3).
-17
Evaluate (-7 - -6) + 10 - (-7 + (5 - -1)).
10
What is the value of 56 + (22 - 50) + -45?
-17
What is 9 - (11 + (36 - (-6 + -5 + 18)))?
-31
Calculate -4 + (2 - (-10 - (-5 - -2 - 6))).
-1
What is (-4 - 2 - (6 + -4)) + -5?
-13
195 + -227 + (9 - 8)
-31
-1 + (6 + (-8 - -6) - 11)
-8
-9 + -12 + 12 - (3 + -9)
-3
What is (7 + -4 - (-4 + -3)) + -29?
-19
Evaluate 7 + ((-6 - -7) + 15 - 1).
22
Calculate 101 - 100 - (0 + (0 - 4)).
5
-1 + (9 - 7) - (-8 - -4) - 9
-4
What is the value of 21 - (-11 + (10 - -20))?
2
357 + -352 - (-6 - -1)
10
Evaluate 2 + -3 - 19 - (2 - 4 - 6).
-12
What is the value of -372 + 378 - (-2 + 7 + -2)?
3
2 - (14 - (1 + 17 + -7))
-1
What is (0 - 8) + (-31 - -21 - (-33 - -3))?
12
What is the value of (-10 - -18) + -16 + (5 - -10) + -12?
-5
What is 4 + (-1 - -2 - 6) + 22 + -6?
15
Calculate 3 + (-10 + 9 - (0 - (-3 - -6))).
5
What is the value of 0 - (-6 - (9 + -22)) - (-28 - -2)?
19
What is the value of 19 + -9 + -12 + -15 - 3 - -5?
-15
What is (5 + -2 - 1) + (22 - 0) + -18?
6
3 + 7 + -17 - -17
10
What is -34 - -37 - (-9 - -2) - 6?
4
What is -37 + 14 + (6 + -10 - (3 - -1))?
-31
What is -6 + (-1 - (2 + 1)) - (-6 + -1)?
-3
27 + (-63 - (0 - 28))
-8
Evaluate -19 + 0 - (-12 - (0 + -9)).
-16
Evaluate -15 - (10 + -19) - -4 - -4.
2
Evaluate 8 - (-15 + 7) - (-1 - 0 - -6).
11
What is -21 - (-22 - (-4 + -1))?
-4
Evaluate 5 + 11 - 1 - (3 + -1).
13
What is the value of -4 + 3 + 5 - ((14 - 32) + 25)?
-3
What is 4 - (10 - 2 - ((2 - 8) + 3))?
-7
What is -3 - 6 - (-43 - -24)?
10
Calculate 24 + -33 - (16 - 23).
-2
-8 - ((-2 - 6) + (-8 - 0)) - -5
13
What is the value of (13 - (-14 - -39 - 4)) + 6?
-2
What is -10 + -4 + -9 - -38?
15
What is the value of (-77 - -102) + 3 + -46?
-18
What is the value of -16 + (31 - 10 - 27) + 2 + 1?
-19
Calculate 4 - ((2 - 3) + 15 - (-3 + 4)).
-9
Evaluate -10 - (-7 - -3) - (-6 + 6).
-6
Calculate -30 + 18 + -25 + 32.
-5
Calculate (-33 - -33) + (-11 - -5).
-6
Calculate 9 - ((-3 - (-3 - 8)) + 3 + -3).
1
Calculate 3 + 10 + 8 + -1.
20
What is the value of 0 + -2 + (-8 - (0 + -9 - -10))?
-11
Evaluate 7 + -1 + -6 + (4 - 0).
4
Calculate ((-2 - -10) + -15 - -3) + -5.
-9
Calculate -14 + 20 + -24 - -4.
-14
-4 - -9 - -7 - 1
11
-4 + (-2 - 4) + 1 + 6 + 20
17
What is 17 + -4 + 10 + -15?
8
What is the value of -11 - (-15 - -7) - (4 + (1 - 11))?
3
-7 + 15 - (-14 + 27)
-5
0 - 2 - (-46 + 20 - -18)
6
1 - 0 - (12 - 16) - -8
13
Calculate (-39 + 21 - -10 - (-22 + 0)) + -5.
9
What is the value of (8 - 1 - (22 + -19)) + 4 - 26?
-18
Evaluate 2 + -26 + -24 + 52.
4
What is 1 + -1 + (71 - 68) + (2 - -1)?
6
What is the value of (2 - (2 - (3 + -1))) + (-10 - -16)?
8
26 + (-18 - (-18 - -11))
15
-10 + -2 - (-29 - (26 + -53))
-10
What is the value of -11 - (-8 + (4 - 0 - -10) - 7)?
-10
What is 4 - 2 - (-11 + 33)?
-20
What is the value of (-27 - (26 + -50)) + 10 + 1?
8
-234 - -229 - (-5 + 0 + 0 - 3)
3
Calculate 1 + 0 - (-5 + -2 + 6 + 10).
-8
What is -7 + -4 + (-7 - (-3 + -9))?
-6
Calculate 16 + 30 + (-59 - -38).
25
(0 - (1 - -8)) + (14 - 1)
4
What is the value of 5 + (1 + (3 - 13) - -14)?
10
Calculate 17 - ((49 - 42 - (1 + -1)) + -2).
12
Calculate (6 - (9 + -6)) + 3 + -8 + 2.
0
What is the value of 28 + (6 + -3 - 4) + -79 + 84?
32
What is the value of (14 - (-14 + 25)) + 8 + -3?
8
Calculate (101 - 25) + -17 + -34.
25
What is the value of 13 - (0 - (-29 - -9))?
-7
-65 - -37 - (11 + -15 - (1 + 2))
-21
What is the value of 3 + 1 - (-102 - -101 - (0 - -6))?
11
What is the value of (-2 + -2 - -9) + (4 - -3) + -16?
-4
What is the value of 0 + 20 + -12 + (-2 - 1) + -14?
-9
What is -11 + 39 + (11 - 17) - -4?
26
What is the value of -36 + -3 - -13 - -11?
-15
What is the value of 1 + 33 - (-134 + 147)?
21
-25 - -14 - -25 - 10 - 8
-4
What is the value of 274 + -276 - (1 - 8)?
5
What is the value of 41 + 44 + -54 + 1?
32
Calculate -30 + 23 - (-7 + 7).
-7
Evaluate 15 - (-6 - (-10 + 13 + -13)).
11
What is -5 + -15 + 15 - 7?
-12
What is the value of 58 + -19 + -16 + (-7 + 1 - 2)?
15
What is the value of 41 - 30 - (2 + -2) - -12?
23
What is -3 + 8 + (13 - 12) + 15 + -11?
10
What is -26 + 12 + (-2 - -36)?
20
Calculate 5 - ((138 - 143) + -1 + 8).
3
Evaluate (5 - (-11 + 19 + -10) - -30) + -9.
28
What is (-36 - -49) + (-5 - (-2 + -2))?
12
Calculate -13 + 10 + (-1 - -8) + (19 - 20).
3
What is the value of 10 - 0 - (-20 + -5 - -19 - -26)?
-10
What is the value of -5 - (-16 + ((12 - 3) + -8 - 3))?
13
What is the value of 0 + (4 - (8 - -1)) + -8?
-13
-9 + (133 - 137) + (0 + 1 - 0)
-12
What is the value of -2 - (-36 + 22) - 12?
0
What is (-6 - (-10 + 0)) + -8 - (-1 - 5)?
2
Calculate -22 - (-33 + 5) - (-2 - -5).
3
What is 10 - (5 + 12 - 4)?
-3
What is (3 - (-6 + -5 - -13)) + (2 - -1)?
4
(4 - (-10 - -4)) + -26 + 41
25
-73 + 42 + 17 + -5 + 1
-18
-6 - (-8 + (0 - 9 - -8))
3
What is the value of 23 - (33 + -11 - 31)?
32
(-32 + 16 - -11) + (1 - -18)
14
What is (18 - -26 - 14) + -35?
-5
(-4 - -8) + 10 + -9 + -5 - 7
-7
What is 6 + (-12 - (-10 + 1 - -7))?
-4
What is (-15 + 15 - 1) + 3 - (-1 + -4)?
7
-2 - ((7 - 4) + 2 - 5)
-2
What is (4 - -1) + -3 - (-4 - -12)?
-6
Calculate -16 + -2 + 4 + 4.
-10
Evaluate 1 + -1 - -10 - (-26 + 2 - -28).
6
Evaluate (-1 - (11 + -5 + -8)) + -3 - -16.
14
1 + (1 - 0 - -1) + (-244 - -242)
1
Calculate 7 - (7 + 15) - -16.
1
Evaluate (-16 - -3) + 10 + (-11 - -2).
-12
What is the value of 1 - (7 - 9 - 4 - -3 - -7)?
-3
Calculate -145 + 150 - (3 + -2 + 11 + 10).
-17
What is the value of 2 + 2 - (6 + -2 + -16)?
16
What is 5 + (36 - 16) - 9?
16
What is the value of (-8 - -3) + 17 + -10 + 4?
6
What is -9 - (12 - (-7 - -16)) - (-6 - 2)?
-4
What is -15 + 0 - (4 - 28)?
9
Evaluate (-1 - (18 - (9 - 0))) + -5.
-15
Calculate 5 - ((-5 - (7 + -9)) + 8).
0
What is the value of 1 + 23 + (-25 - -18) - (-5 + -2)?
24
-2 - -2 - -4 - (30 - 29) - -2
5
-5 - -7 - 7 - (3 - 13) - -3
8
What is 4 - (6 - 1) - (-1 + -11 + 0)?
11
Evaluate 8 + 1 - (-60 + 23 - -68).
-2